3 + 5 - 4.
2
Evaluate (-4 - -5) + (-4 - 1).
-4
(21 - 27 - (1 - 1)) + 4
-2
(6 - (-1 + 3)) + -4
0
What is (2 - 1) + 7 + -7 + 2?
3
What is the value of 1 - 1 - (-4 - (-3 + 2))?
3
Calculate 0 - (9 + -4) - (7 - 8).
-4
7 - (-2 - -3 - -1)
5
Evaluate 3 + (-6 - 2) + 2.
-3
5 + (1 + 2 - 4) - 3
1
Evaluate 2 - -3 - (-11 + 3 + 6).
7
What is 3 - (-6 + 6 + (1 - -1))?
1
-5 + (3 - (6 + -1))
-7
Calculate (-2 - (0 - 2)) + (8 - 7).
1
What is 10 + -20 - (7 + -7)?
-10
Calculate -1 + 4 + -2 + 1.
2
Calculate 4 + -3 + -3 + 6 + -2.
2
What is the value of -2 + 6 + 0 + -3?
1
What is the value of (2 - (5 - (0 - -5))) + -4?
-2
91 + -92 - (0 + (1 - -2))
-4
What is the value of -1 - (-1 + (-1 - 4))?
5
Evaluate -2 + 9 + (-18 - -11).
0
What is 1 - (3 + -3 + -2 + -1)?
4
Evaluate 0 - 5 - (-18 + 11).
2
Evaluate -4 - ((-4 - -6) + 1 + -12).
5
8 + -2 + 5 + -1 + -5
5
What is 4 + -10 + 0 + 4 + 1?
-1
Evaluate -79 + 83 + 2 + 1.
7
Evaluate 22 + -29 + (6 - 2).
-3
Evaluate 2 + -4 + -5 + (-57 - -56).
-8
Evaluate 4 + -6 + 0 + 6.
4
What is -3 + (-7 - -4 - 0) + 12?
6
1 - (3 - 4 - -3)
-1
What is the value of (7 - 2 - (-4 - 1)) + -5?
5
Evaluate (-6 - (-7 - 4)) + -7.
-2
Evaluate 1 + -2 + 4 + (25 - 31).
-3
What is the value of (1 - -1 - (-15 - -14)) + -5?
-2
Evaluate -1 + (1 - 0) - (6 - 4).
-2
What is the value of -6 + 0 + 3 + -1 + 1?
-3
-2 + ((0 - -3) + 1 - 6)
-4
Evaluate 1 + 1 + 6 + -5 + 3.
6
(8 - (-5 + 5)) + -16
-8
What is the value of (-1 - 4) + 3 + (-7 - -8)?
-1
Calculate (1 - 9) + (-8 - -11).
-5
What is the value of (-19 - -12) + (0 - -2)?
-5
Calculate -1 - -1 - (6 - 7).
1
Evaluate (-1 - 11) + 12 + 4.
4
Evaluate (0 - -7) + -7 + 1.
1
Calculate 0 + (-5 + 6 - (0 - -3)).
-2
Calculate 5 + (20 - 21) + 1 + -7.
-2
What is (-2 - -2) + 4 - (0 - -6)?
-2
What is the value of (5 + 0 - -1) + -4?
2
8 - 7 - (7 + -5)
-1
What is the value of (2 - 3) + (5 - 1) + -4?
-1
Calculate -1 + -1 + -3 + 5 + -1.
-1
What is -12 - (-12 + (18 - 13))?
-5
-3 + -1 + 72 + -63
5
What is 11 + -7 + -3 + 2?
3
What is the value of -19 + 17 + 5 + -12?
-9
Calculate 3 + (-4 - -4 - 0) + 1.
4
What is the value of (14 - 11) + -4 - (1 - -3)?
-5
Calculate (-5 - (-4 - 3)) + -6.
-4
What is the value of (0 - 1 - -1) + 49 + -55?
-6
Evaluate 1 + 4 - (14 - 10).
1
Calculate (-2 - -2) + 1 + 1.
2
(0 - -2 - (7 + -8)) + 3
6
Calculate 16 - (11 + -1) - 1.
5
Calculate -9 - (5 + (-1 - 6)).
-7
-2 + (-1 - 3) + 4
-2
Evaluate -1 + -3 - (2 + -3).
-3
What is the value of (-4 - -4 - -4) + (2 - 0)?
6
-10 + 6 + 8 + -1
3
Evaluate 6 + -14 + 1 + 9.
2
Evaluate -3 - (-7 + 3) - 1.
0
Evaluate (-15 - 2) + 9 + 4.
-4
Evaluate 1 - -1 - (3 - 0).
-1
-1 - (-2 + (8 - 4)) - -6
3
Calculate (-2 - (4 + -6)) + 1.
1
What is (-8 - (-15 - 0)) + -12?
-5
Evaluate 0 + 7 + 0 + (9 - 12).
4
What is the value of -6 + 8 + -1 + 3?
4
What is the value of -1 - -1 - (-5 + -5 + 11)?
-1
Calculate -1 - (2 - (-1 - 0 - -4)).
0
What is 3 - 0 - ((-5 - -3) + 3)?
2
Evaluate -13 + 11 + (0 - 1) + 3.
0
Calculate (6 - (7 - -5) - -4) + -4.
-6
-3 + 0 + 3 + (2 - 1)
1
-8 - (-4 - 11) - 2
5
What is -6 + (-1 - -5) - (-3 + 5)?
-4
Evaluate 8 + (5 - 17 - -7) + -5.
-2
What is (-1 - 10) + (23 - 18)?
-6
Calculate 1 + 2 + 1 + (-7 - -2).
-1
Calculate -6 - (-4 + 1 + (-17 - -7)).
7
3 + -4 + 11 + -6 + 0
4
1 + 1 - (-15 - -22)
-5
9 + 2 + -7 - (-1 + 3)
2
What is the value of (-4 - (-3 - -3)) + 8 + -4?
0
What is the value of -12 - 0 - -3 - -8?
-1
-11 - (4 - 9 - 0) - -3
-3
What is the value of -2 + -2 + (6 - -3) + -6?
-1
(6 - (-3 - -5)) + 1
5
-6 - ((-2 - 5) + -7 + -3)
11
(2 - -1) + -2 + -2
-1
What is 11 + (-2 + 14 - 6) + -11?
6
Calculate 8 - (1 + -6 - -15).
-2
What is (-16 - -14 - (-1 + -4)) + 2?
5
3 + 3 + 3 + -4
5
What is the value of 0 - (2 - (2 - 5))?
-5
-5 + (0 - -11) + -3
3
What is 13 + -13 + (7 - 0) - 4?
3
What is 2 + (-2 + 7 - (0 - -3))?
4
What is the value of 8 - ((1 - 9) + (24 - 9))?
1
Evaluate (5 - 0) + 5 + -12 + 4.
2
Calculate 3 - ((4 - 2) + 0).
1
Calculate -8 + 25 - 1 - (10 - 1).
7
What is the value of 3 + -4 + 1 - -2?
2
What is -8 + 2 + 2 - -7?
3
What is the value of 14 + -10 - (4 + -1 + -3)?
4
What is the value of (-13 - (-11 + 8)) + 3?
-7
Evaluate -10 - (-9 - (5 + -8)).
-4
What is the value of 17 - 1 - (-10 + 18)?
8
29 + -24 - (3 + 1) - 5
-4
What is 5 + (3 - 5) + -1 + 7?
9
Evaluate -9 + -2 - (-9 + -9).
7
What is the value of 22 - (-1 + 12) - 7?
4
What is -1 - 2 - (-10 - -9) - -4?
2
Calculate -5 + (3 + 3 - 3 - 3).
-5
Evaluate (13 - 2) + (12 - 12) + -2.
9
Evaluate -2 - (5 + 0 + -3).
-4
What is -6 + (9 + -2 - (-1 - -2))?
0
Calculate -17 + 14 + 2 + 1.
0
Evaluate 3 + (4 + (0 - 4) - 0).
3
(0 + -2 - 1) + -45 + 51
3
What is the value of -1 - -6 - (7 - (0 + 4))?
2
7 + (-3 - (4 + -3)) + -4
-1
Calculate (-2 - -15) + -4 + -2.
7
(-2 - 0) + (1 - (-8 + 9))
-2
3 + -1 + -3 + -3
-4
Calculate -11 + (0 + -7 - -10).
-8
What is -1 + -12 + 24 - 3?
8
Calculate (1 - 2) + -2 + 4.
1
What is -1 + -2 + (-3 - (-1 - 5))?
0
Calculate 2 - 4 - 1 - (3 - 3).
-3
Calculate 4 - 3 - (18 + -23).
6
What is -2 - ((1 - 4) + 20 + -22)?
3
Evaluate 11 + -1 + -3 - 2.
5
What is -6 - (3 + -4 + -10)?
5
What is (4 - 8 - (-4 - 1)) + 4?
5
What is -2 + (-7 + 15 - 5)?
1
Calculate 225 + -236 - (-6 - (0 + -1)).
-6
What is the value of (12 - 6) + (2 - (5 + -1))?
4
Evaluate -4 - (1 + 1) - -4.
-2
Evaluate (-3 + -2 - -1) + 3 + 4.
3
What is (44 - 51) + -1 + 0?
-8
Evaluate (-10 - -5 - -1) + 6.
2
4 + (4 - (-1 - 0 - -8))
1
What is the value of (-7 - 0) + (-11 - -23 - 11)?
-6
Calculate -4 + (1 - -2 - -1).
0
What is 8 - 2 - (-7 + (9 - 4))?
8
17 + (-18 - -2) + 6
7
What is -2 - ((-7 - -3) + -1)?
3
What is the value of 0 + -2 + (-16 - (7 - 23))?
-2
Calculate (-3 - -4) + 0 - -4.
5
What is the value of -36 + 40 - (13 + -3)?
-6
What is the value of -2 + 2 - (4 - (10 + -12))?
-6
What is (7 - 2) + -8 + 4 + -3?
-2
Evaluate -2 + -6 - (-9 + 2).
-1
-2 - ((-8 - -4) + (2 - -6))
-6
What is the value of 6 - (-8 + 2 - (-6 + -5))?
1
What is the value of 0 + 7 + -3 + (-8 - -3)?
-1
What is 3 - (5 + 13 - 5)?
-10
Calculate 0 + (6 - 4) - 1.
1
What is the value of 2 + -9 + 6 + -3 - -3?
-1
Evaluate 0 + 1 + -1 + 2 - 4.
-2
What is 3 - (1 + 4 + -1)?
-1
Calculate (6 - -1) + -3 - (11 - 5).
-2
What is (1 - -2) + 2 + (11 - 20)?
-4
Calculate (-221 - -231) + (-5 - (-1 - 0)).
6
What is the value of (-2 - -3) + -5 + 4 + -3?
-3
Evaluate -3 - (7 - (6 + 3)).
-1
What is -15 - (-10 + 2) - -3?
-4
-1 - ((3 - 0) + -4 - 2)
2
Calculate 3 - (-2 - -1 - (7 - 14)).
-3
Evaluate 2 - (-2 + -1 - -3).
2
What is the value of -2 + 4 + -3 + -2?
-3
Calculate 4 + -1 + (-4 - (3 - 5)).
1
Evaluate -1 + 1 + -3 + 3 - -4.
4
(5 - 0) + 14 + -2 + -19
-2
-2 + (-5 - -1 - -2)
-4
What is -1 - -8 - ((10 - 2) + -2)?
1
What is 1 + 8 + (0 - 10)?
-1
Calculate 3 + -7 + 11 + -11.
-4
-2 + (3 + -6 - -13)
8
Evaluate -1 - (4 - (-1 + -1 + 3)).
-4
(-4 - (2 + -2)) + 2 + -2
-4
-10 - (-8 - 0) - -5 - -2
5
What is (2 - -3) + (-5 - -12 - 6)?
6
Calculate 1 + -1 + -2 + 3 + 3.
4
What is the value of -5 - -4 - -1 - -5?
5
Evaluate -5 + 3 - -2 - (-60 - -66).
-6
What is the value of -7 + (-4 - -3) + 1 + 3?
-4
What is the value of (24 - 18) + (1 - (1 - -2))?
4
What is 4 + (10 - (16 - 9))?
7
Calculate 5 - (3 - (0 - 0)).
2
What is the value of (-3 - 0) + (0 - 3) + 4?
-2
What is the value of -1 + (0 - 0) - 0 - 0?
-1
(-2 - 0) + 0 - (-3 + 0)
1
Evaluate (-1 - -1) + (5 - 10) + 7.
2
What is -2 + -1 + -1 + 6 + 3?
5
-17 - -8 - (1 - 5)
-5
What is -3 - (5 + -6 - 3 - -1)?
0
Calculate (1 - 3) + 4 + -4.
-2
What is the value of (-4 + 0 - 1) + 3?
-2
Calculate 4 + (-3 - -1) + 0.
2
Evaluate 3 - (3 + (4 - (2 + 1))).
-1
Evaluate -4 + 14 + 4 + 1 + -11.
4
Calculate -3 - (-2 + 2 + 1 + -2).
-2
What is -5 + (4 - 5) + 3 + 1?
-2
Calculate 0 - (-4 - -12 - 3).
-5
What is the value of (4 - 0) + 1 + -8?
-3
What is (-7 - -8) + 12 + -8?
5
Evaluate 1 + 2 + -3 - 1.
-1
(-11 - -3) + 3 - -6
1
What is -44 + 49 + (2 - 9)?
-2
Evaluate 1 + (5 - 1) + -1.
4
Evaluate -1 + 6 + (24 - 32).
-3
What is the value of 1 - (4 + 0 + -5 - 0)?
2
Evaluate -1 - (0 - 0) - (1 + -4).
2
2 - (0 + 4 + -7 - -4)
1
What is the value of 11 + (-4 - ((-4 - 1) + 8))?
4
Evaluate -3 + (5 - 8) + -4 + 6.
-4
What is -8 + (8 - 2) - (-3 - -1)?
0
Evaluate 0 + 0 + (-2 + 0 - -1).
-1
What is 3 + -1 + 0 + (3 - 8)?
-3
Evaluate -5 + 8 + 8 + -4 + 0.
7
Evaluate 7 + (-3 + -2 - (-5 - 1)).
8
What is the value of -10 + 1 - (180 - 194)?
5
What is the value of -8 + 17 + -1